-18?
23
In base 6, what is -3 + 542?
535
In base 16, what is 2 - -19f?
1a1
In base 9, what is -12 - 1?
-13
In base 7, what is -2 + -34303?
-34305
In base 4, what is 2210033 + 11?
2210110
In base 13, what is -81a + -3?
-820
In base 11, what is 286 + 5?
290
In base 13, what is -528 + -6?
-531
In base 5, what is 142 + 1?
143
In base 9, what is 10 - 67?
-57
In base 11, what is 48 - -1?
49
In base 7, what is -32 - -4?
-25
In base 16, what is 4 + 9?
d
In base 7, what is -50 + 240?
160
In base 10, what is -13312 - -2?
-13310
In base 10, what is -3 + 51?
48
In base 11, what is 23 + -73?
-50
In base 12, what is -70 - -5?
-67
In base 13, what is -4 - 191?
-195
In base 13, what is 4 - -1b?
22
In base 11, what is -8 - 10?
-18
In base 6, what is 1 - 14213?
-14212
In base 8, what is 32 - -370?
422
In base 15, what is 4b9 + 5?
4be
In base 6, what is -42 + 10?
-32
In base 10, what is -2286 + -2?
-2288
In base 13, what is -1 - 7?
-8
In base 13, what is -654 + 1?
-653
In base 16, what is 41 + -3b?
6
In base 12, what is -2 - 1ab?
-1b1
In base 9, what is 0 + 84?
84
In base 13, what is 0 + 3c?
3c
In base 7, what is 3050 + -4?
3043
In base 10, what is -1 - 22?
-23
In base 11, what is 5 - 19?
-14
In base 4, what is 1300 - -12?
1312
In base 6, what is -153 - 15?
-212
In base 11, what is 6a - 10?
5a
In base 6, what is -5 + -445?
-454
In base 5, what is -10 - 31?
-41
In base 4, what is 31111 - 2?
31103
In base 8, what is 5 - -205?
212
In base 8, what is -32254 + -2?
-32256
In base 15, what is -10a - -6?
-104
In base 14, what is -5 - 52?
-57
In base 9, what is -60 - 23?
-83
In base 13, what is -21 + 164?
143
In base 6, what is 10 + 242?
252
In base 6, what is -2 + -432?
-434
In base 13, what is -17a - 4?
-181
In base 3, what is -1002122 + 12?
-1002110
In base 8, what is 24 + -156?
-132
In base 4, what is 30 + 13321?
20011
In base 10, what is 4 - 13?
-9
In base 10, what is -1025 - -3?
-1022
In base 11, what is -137 + -4?
-140
In base 9, what is 4012 + 1?
4013
In base 9, what is -161 + 27?
-133
In base 13, what is -83 - 27?
-aa
In base 10, what is -113 + 30?
-83
In base 10, what is 29 - -12?
41
In base 3, what is -1121012 + 1?
-1121011
In base 14, what is 7 + -65?
-5c
In base 4, what is -2 + 11?
3
In base 14, what is -6b + c?
-5d
In base 11, what is -4 + -37?
-40
In base 16, what is 13 - -10?
23
In base 15, what is -60a + 4?
-606
In base 15, what is 2773 + -2?
2771
In base 15, what is -220 + 6?
-219
In base 11, what is 28 + 328?
355
In base 5, what is -30 + -320?
-400
In base 5, what is 341 + 212?
1103
In base 11, what is 70 + 2?
72
In base 10, what is 113 + 7?
120
In base 11, what is -5 - -38?
33
In base 16, what is -1715 - 5?
-171a
In base 7, what is 400 - 63?
304
In base 11, what is -3 - 390a?
-3912
In base 16, what is 23 + -6?
1d
In base 10, what is 515 - 2?
513
In base 7, what is 45 - 24?
21
In base 3, what is -202220 + -2?
-202222
In base 9, what is 11 + -246?
-235
In base 9, what is -4 - -263?
258
In base 11, what is 36 + 2?
38
In base 3, what is -100111 - 12?
-100200
In base 12, what is 5 - -9?
12
In base 10, what is 8 + 1784?
1792
In base 9, what is -306 + -2?
-308
In base 8, what is -2121 + -4?
-2125
In base 3, what is -1020201 + -21?
-1020222
In base 16, what is -4 + -35?
-39
In base 6, what is -23235 - -3?
-23232
In base 9, what is -18565 + 4?
-18561
In base 15, what is -4b - 0?
-4b
In base 11, what is -4 + 329?
325
In base 6, what is -2253 + 32?
-2221
In base 13, what is 26c0 - 5?
26b8
In base 3, what is -11 - -22210?
22122
In base 4, what is -2031201 + 2?
-2031133
In base 11, what is 42 - -130?
172
In base 13, what is -1769 - 4?
-1770
In base 6, what is 113333 - 5?
113324
In base 11, what is 2 + 6?
8
In base 10, what is 51 + -43?
8
In base 4, what is -1 - 30?
-31
In base 15, what is 4d - 4?
49
In base 11, what is -5 - 247?
-251
In base 10, what is 2201 + 0?
2201
In base 5, what is 201 + -210?
-4
In base 2, what is -1100101 + -11100?
-10000001
In base 4, what is -30 + 31?
1
In base 10, what is -37 + 4?
-33
In base 8, what is -2316 - 0?
-2316
In base 6, what is -1 + 2?
1
In base 14, what is -99 + -3?
-9c
In base 12, what is 7 - -1241?
1248
In base 4, what is -100 + -100?
-200
In base 3, what is 1101 + 1?
1102
In base 3, what is 2 + 122210?
122212
In base 5, what is 1202 + 3?
1210
In base 14, what is -3 - -3b?
38
In base 13, what is -1 + 2c?
2b
In base 16, what is -c + -3?
-f
In base 15, what is -b + 16?
a
In base 9, what is 178 - 5?
173
In base 10, what is -858 - 2?
-860
In base 12, what is -2 + 877?
875
In base 12, what is -97 + -5?
-a0
In base 5, what is 3 + -133?
-130
In base 10, what is 3265 + 2?
3267
In base 5, what is -10 + -210?
-220
In base 15, what is 128 + 4?
12c
In base 7, what is -406 + 3?
-403
In base 2, what is 11000000 - -100?
11000100
In base 5, what is -1001 - -101?
-400
In base 3, what is -1 + 211121?
211120
In base 5, what is -10 - 14?
-24
In base 8, what is -21 + 161?
140
In base 6, what is 132 + -11?
121
In base 12, what is a - 6?
4
In base 2, what is -10001011001 + -100101?
-10001111110
In base 13, what is -28 - -18?
-10
In base 15, what is 35 - -7?
3c
In base 14, what is -1 + 2429?
2428
In base 2, what is -100 - 11011?
-11111
In base 10, what is 8604 - -2?
8606
In base 13, what is 13 - -1?
14
In base 9, what is 435 - 0?
435
In base 7, what is -131 + -54?
-215
In base 3, what is -1 + -22101?
-22102
In base 9, what is -228 - 1?
-230
In base 14, what is -4 - -1a0?
19a
In base 14, what is 5 - -25?
2a
In base 5, what is -1300 + -3?
-1303
In base 16, what is 421 + -3?
41e
In base 12, what is 4 - -27?
2b
In base 2, what is -10011010110 - -1?
-10011010101
In base 6, what is -215 - -2?
-213
In base 9, what is 124 + -32?
82
In base 8, what is -2 + -337?
-341
In base 10, what is 2646 - 2?
2644
In base 2, what is -1111011010 + -101?
-1111011111
In base 14, what is 5 + -4a?
-45
In base 8, what is 4376 + -2?
4374
In base 16, what is 5 - -ed?
f2
In base 2, what is 1 - -1011?
1100
In base 5, what is -2301 + 0?
-2301
In base 15, what is -83 - 61?
-e4
In base 2, what is 10101111 - 10?
10101101
In base 14, what is -27cc + 0?
-27cc
In base 9, what is 17583 + -2?
17581
In base 9, what is -1 + 304?
303
In base 9, what is -3 + 134?
131
In base 13, what is 23 - -5?
28
In base 11, what is -148 - -a4?
-54
In base 4, what is -10033121 - -3?
-10033112
In base 2, what is -10100 + 1101010?
1010110
In base 6, what is 11 - 350?
-335
In base 3, what is -1022 - 0?
-1022
In base 7, what is 2 + -34?
-32
In base 5, what is -4 - 30220?
-30224
In base 16, what is -2 + a32?
a30
In base 3, what is 12211101 + 1?
12211102
In base 12, what is -5 + -237?
-240
In base 11, what is 3 + 14?
17
In base 16, what is 44dc + 0?
44dc
In base 11, what is -33a75 + -5?
-33a7a
In base 11, what is 4 - -40?
44
In base 16, what is -19 - -a?
-f
In base 12, what is -2639 + -3?
-2640
In base 8, what is 20 + 121?
141
In base 12, what is -6 + -10b?
-115
In base 8, what is 10 - -6?
16
In base 14, what is 314 - -1?
315
In base 7, what is -16 + -3?
-22
In base 4, what is -10202 + 1?
-10201
In base 13, what is 8 + -3?
5
In base 12, what is -3 + 13?
10
In base 3, what is 0 + -221?
-221
In base 2, what is 100 - -1100001010101?
1100001011001
In base 12, what is 1 + 269?
26a
In base 6, what is 153 - 0?
153
In base 14, what is 1 + -a0?
-9d
In base 9, what is -256 + 6?
-250
In base 14, what is -5 + -109?
-110
In base 2, what is -111100 + 11110?
-11110
In base 9, what is 5 + -74?
-68
In base 5, what is 4 + 241?
300
In base 5, what is -103140 + 0?
-103140
In base 2, what is 101 - -111010101?
111011010
In base 11, what is -8268 - -2?
-8266
In base 10, what is 144 - -70?
214
In base 8, what is 1132 + -7?
1123
In base 6, what is -35 - -2013?
1534
In base 10, what is 1 + -170?
-169
In base 8, what is 6445 + -7?
6436
In base 9, what is -14 - -414?
400
In base 4, what is -22011 - -1?
-22010
In base 10, what is -241 - 5?
-246
In base 4, what is -10 + -1120?
-1130
In base 13, what is 2b6 + -9?
2aa
In base 5, what is -13432 + -1?
-13433
In base 15, what is 9 + a1?
aa
In base 8, what is 514 + 3?
517
In base 5, what is 21 - -101?
122
In base 3, what is -11 - -200?
112
In base 16, what is -1 - -52b?
52a
In base 7, what is -1 + -42?
-43
In base 7, what is 203 + -1?
202
In base 8, what is -342 - 15?
-357
In base 14, what is